at is the remainder when 3 is divided by (j/5)/(2/4)?
1
Suppose 0*y = -3*y + 5*f + 136, -2*y - 3*f + 97 = 0. Calculate the remainder when y is divided by 10.
7
Let f(z) = -z**3 - 8*z**2 + 8*z + 6. Let m be f(-9). Suppose -2*p = 3*p + m. Let y = p - -7. Calculate the remainder when y is divided by 2.
0
Suppose 3*u - 5*o - 83 = 0, 3*u - 38 = u - o. Calculate the remainder when 81 is divided by u.
18
What is the remainder when (-2 - (-40)/3) + 22/33 is divided by 5?
2
Calculate the remainder when (0/(-3) - 1)*-16 is divided by 10.
6
Let q(b) = -5 + 0*b - 4*b + 6*b**2 + b**3 + 2*b - 4. Calculate the remainder when 8 is divided by q(-6).
2
Suppose -14 - 1 = 3*d, 4*k - 189 = 5*d. Let b = 64 - k. What is the remainder when 89 is divided by b?
20
Let p be (-50)/5*(-15)/6. Suppose -l = -0*g + g - p, -2*g + 42 = 4*l. What is the remainder when g is divided by 8?
5
Suppose 0 = -5*i - 9 + 29. Suppose -3*s + 7*s = -i*z + 64, 4*s + 26 = z. Calculate the remainder when 69 is divided by z.
15
Let z(o) = o**2 + o - 2. Let l = -4 + 9. Suppose -5*u - 16 = -0*u - 2*y, 0 = l*u - 5*y + 10. Calculate the remainder when 28 is divided by z(u).
8
Let b = 126 + -34. Let l(a) = a**2 - 2*a + 1. Let p be l(1). Suppose -4*m + 0*m + b = p. Calculate the remainder when m is divided by 6.
5
Let d = 27 - -3. Let u(a) = -a**3 - 5*a**2 + 3*a - 2. What is the remainder when d is divided by u(-6)?
14
Let b(n) = -n + 4. Let q = 9 - 6. What is the remainder when (-4)/(-6)*(-21)/(-14) is divided by b(q)?
0
Let m be 4/8*46 - -1. Suppose 0 = -4*c + c + m. What is the remainder when (8/(-6))/((-2)/21) is divided by c?
6
Let j = 10 + -6. What is the remainder when 13 is divided by j?
1
Let w be (-6)/(-15) + 17/(-5). Calculate the remainder when 62 is divided by (w/6)/((-1)/42).
20
Let o(y) = y**3 + 4*y**2 - 4*y - 3. What is the remainder when 114*(-4)/(-9) - 5/(-15) is divided by o(-4)?
12
Suppose -4*c + 42 + 6 = 0. Calculate the remainder when (-686)/(-21) + 2/(-3) is divided by c.
8
Suppose -9 = -8*s + 407. Calculate the remainder when s is divided by 18.
16
Let t(g) = g**3 - 8*g**2 + 14*g + 10. Let s = -8 + 6. Let n = s - -10. What is the remainder when n is divided by t(5)?
3
Let w(b) = -3*b - 50. What is the remainder when 86 is divided by w(-21)?
8
Suppose 3*j + 2*q = -2*j + 10, 2*j + 4*q - 20 = 0. Suppose -2*g + g + 32 = j. Let a = 46 - 29. What is the remainder when g is divided by a?
15
Let l = 2 + 17. Suppose 4*u + 23 = -i, 0 = -2*u + 5*u + 15. Calculate the remainder when 58 - i*4/(-6) is divided by l.
18
Suppose 0 = -64*d + 60*d + 52. Let t(a) = 9*a + 5. What is the remainder when t(5) is divided by d?
11
What is the remainder when (-36)/6 + 4 - -1*37 is divided by (-90)/4*4/(-5)?
17
Suppose -4*m + m - 2*u = -2, -4*m = 4*u + 4. Suppose k = 2*k - m. What is the remainder when k is divided by 2?
0
Suppose -4*p + 2*n + 1 = -5*p, 3*p = 2*n + 21. Suppose 0*r - 2*c = -2*r + 74, 2*r - 94 = -3*c. What is the remainder when r is divided by 73/p + 3/(-5)?
13
What is the remainder when 3 + (8/10 - (-1023)/15) is divided by 15?
12
Suppose 25 = 6*o - 23. Suppose -3*x = k - 2 - 18, -4*x = 5*k - 111. What is the remainder when k is divided by o?
7
Suppose -2*i = -2*b + 12, 6*i = i - b - 60. Let m = 31 - i. What is the remainder when m is divided by 11?
9
Suppose 0 = -m + 5*d + 15, d = -3*m - 0*d - 3. Suppose 2*f + g - 21 = -0*f, 2*f - 3*g - 1 = m. Calculate the remainder when 30 is divided by f.
6
Suppose 2*d - 29 = d. What is the remainder when d is divided by 10?
9
Let j be -2*(-4)/((-12)/9). What is the remainder when 32 is divided by (2/j)/((-3)/153)?
15
Let q(z) = 4*z + 41. What is the remainder when 61 is divided by q(-5)?
19
Suppose -4*c - 5*a + 232 = 0, -3*a = 3*c + a - 174. Let i = -16 - -17. What is the remainder when c is divided by 0/i - (3 - 23)?
18
Let r = -32 + 10. Let v = r + 43. What is the remainder when v is divided by 8?
5
Let j = 1 - 1. Let n(i) = 2*i**2 - 3*i. Let v be n(2). Suppose v*b - b - 11 = j. Calculate the remainder when b is divided by 4.
3
Let z be 10/6*6/2. Suppose -z*a + a = -44. Calculate the remainder when a is divided by (-1)/(2 + 39/(-18)).
5
Suppose 75 = 6*f - 63. What is the remainder when 111 is divided by f?
19
Let x(z) = 7*z**2 + 2*z. Calculate the remainder when 15 is divided by x(1).
6
Suppose 5*z + 4*q = 35, -q = -z - 4*q + 18. Let p(n) = n**2 + 2*n - 4. Calculate the remainder when p(z) is divided by 3.
2
Let k(j) = -3 - 64*j + 0 + 0 + 1. What is the remainder when k(-1) is divided by 21?
20
Suppose 0 = 3*p - 3*f - 12, -3*p - 57*f + 55*f + 32 = 0. Suppose -132 = -4*g + 2*z - 4*z, 151 = 5*g - z. Calculate the remainder when g is divided by p.
7
Let c(y) = y**3 - y + 9. What is the remainder when c(0) is divided by 5?
4
Suppose -w + 3*w = -6. Let d = w - -25. Suppose 11 = g - 2*u + 1, -3*g + 3*u + 33 = 0. What is the remainder when d is divided by g?
10
Let u(f) = f**2 - 4*f - 3. Let x be u(3). Let h = 13 - x. What is the remainder when h is divided by 7?
5
Let a(d) = -d**3 + d**2 - d + 23. Suppose -3*y + 5 = 5*v, 3*v = 3*y - 0 + 3. What is the remainder when a(y) is divided by 8?
7
Let a(u) = 7*u. Let d be a(1). Let o = d - 6. Calculate the remainder when 26 is divided by (o/(-3))/((-1)/21).
5
Let z = 15 - 22. Let d be (z/(-3))/(5/90). Let y = d + -26. What is the remainder when y is divided by 9?
7
Let t(v) be the third derivative of 7*v**4/24 - v**3/6 + 3*v**2. Calculate the remainder when 21 is divided by t(1).
3
Let c(r) = 12*r + 17. Let o be 4 - -2 - (-2 - -1). What is the remainder when c(o) is divided by 26?
23
Let q(y) = 3*y - 28. Calculate the remainder when 29 is divided by q(15).
12
Suppose -3*w - 19 + 90 = 4*t, -2*t + 23 = w. Calculate the remainder when w is divided by 39*-2*(-2)/12.
12
Let q(w) = 6*w**2 - 1. Let z be q(1). Let r(i) = -i**2 + 5*i - 3. Let t be r(z). Calculate the remainder when 43 is divided by (-2)/3*t*11.
21
Suppose 2*f + 2*c = 22, 4*f - c = 4*c + 8. What is the remainder when 25 is divided by f?
4
Let q be 3/(6*2/248). Let t = q - 44. Let k = -2 + t. What is the remainder when k is divided by 9?
7
Let d be 0 + (-2)/2 + -9. Let a be 86/d + 14/(-35). Let g(s) = s**2 + 9*s + 7. Calculate the remainder when 26 is divided by g(a).
5
Suppose 2*z - 66 = -4*z. Calculate the remainder when 52 is divided by z.
8
Let s = 119 - 78. What is the remainder when s is divided by 21?
20
Let x(a) = a**3 + 8*a**2 + 5*a + 6. Let m be x(-5). Let t = 99 - m. Calculate the remainder when t is divided by 15.
13
Let p(n) = -n**3 + 4*n**2 + 3*n. What is the remainder when 125 is divided by p(-2)?
17
Suppose 477 = 4*l - 5*s, 5*l + 6*s - 587 = 3*s. Calculate the remainder when l is divided by 17.
16
Let a(i) = i + 8. What is the remainder when 50 is divided by a(5)?
11
Suppose 4*a - 45 = q - 11, a - 5 = 0. What is the remainder when 82 is divided by 12/42 - 290/q?
19
Let f(t) = t**3 - t**2 - 3. What is the remainder when 28 is divided by f(3)?
13
Suppose -c + 35 = 2*y - 56, 5*y = 0. Calculate the remainder when c is divided by 23.
22
Suppose -3*o + 2*c + 53 = 0, -o = o - 5*c - 50. Let w be -2*(-1)/(-2) + 59. Calculate the remainder when w/3*3/2 is divided by o.
14
Suppose -4*w + 25 = -3*w. Calculate the remainder when w is divided by 13.
12
Suppose 0 = -3*z + 5 + 88. What is the remainder when z is divided by 18?
13
Let n(m) = m**2 - 2*m + 6. Suppose 3*i - 5 = 2*i. Suppose 5*l - i*y = -0*l + 20, -5*y = 5*l - 20. What is the remainder when n(l) is divided by 5?
4
Suppose -5*v + 1 - 11 = 0. Calculate the remainder when 2 is divided by (-4)/(-3) - v/(-6).
0
Suppose -5*s = -0*s + 10, -3*c + 2*s = -40. Calculate the remainder when 251 is divided by c.
11
Suppose 3*f - 4*q + 76 = 5*f, -3*f - 3*q + 108 = 0. Calculate the remainder when f is divided by 9.
7
Let g(y) = y**3 + 19*y**2 + 18*y + 10. What is the remainder when 26 is divided by g(-18)?
6
Let i(c) = c**3 + 8*c**2 + 6*c - 6. Suppose 3*t + 4*u - 22 = 0, 0*u - 3*u - 1 = t. What is the remainder when i(-5) is divided by t?
11
Let a = 74 + -41. Calculate the remainder when a is divided by 7.
5
Suppose -6*m = 2*b - 2*m - 6, 0 = -b - 3*m - 2. What is the remainder when 11/(110/(-4)) - (-494)/10 is divided by b?
10
Let z = 38 - 26. What is the remainder when (0 + 47)/(4/4) is divided by z?
11
